 (1 + -19)/((-22)/33).
3
Let d(s) = -20*s + 42. Let a(f) = 7*f - 14. Let o(g) = 14*a(g) + 5*d(g). List the prime factors of o(-10).
2, 17
Let s(b) = -b + 10. Let d be s(3). Suppose -j + 15 = -d. What are the prime factors of j?
2, 11
Let n(w) = -w**3 + 6*w**2 + 10*w - 9. Suppose 0*u - 5*u = -3*s + 11, -5*s = u - 37. List the prime factors of n(s).
2, 3
Let s(v) = -2*v + v - 2 + 1 - 6. Let a be s(-5). Let p = 13 - a. List the prime factors of p.
3, 5
Suppose 5*h - 135 + 5 = 0. List the prime factors of h.
2, 13
Let s = -9 + 13. Suppose 0 = -p + 4 + 23. Suppose s*j - j = p. What are the prime factors of j?
3
Let g(d) = d**3 + 11*d**2 + 9*d - 5. Let v be g(-10). Suppose -v*y + 65 = -0*y. List the prime factors of y.
13
Suppose 2*q = -2*r + 3*q + 197, -r + q + 97 = 0. What are the prime factors of r?
2, 5
Let f be (-2)/8 + 78/(-8). Let z = 16 + f. What are the prime factors of z?
2, 3
Suppose 0 = -5*k + 6 - 1. Let i = k + 3. Suppose 0 = -3*t - 5*q + 62, -i*t + 4*q = -q - 71. List the prime factors of t.
19
Let t(s) = 2*s**3 + 4*s**2 + 2*s - 1. Let w be t(-2). What are the prime factors of (-2)/2 + (-2 - w)?
2
Let n(g) = g**2 + 16*g + 18. Let y be n(-15). List the prime factors of (49/21)/(1/y).
7
Let d = -3 + 7. Suppose 4*f = d*h + 24, -f - 2 = 5*h + 4. List the prime factors of -1 + 4/(h/(-2)).
3
Suppose 0 = 2*s + 52 - 14. Let n = s + 34. List the prime factors of n.
3, 5
Let n = 16 + -10. Suppose -n*u + u - 30 = 0. What are the prime factors of ((-66)/(-9))/((-4)/u)?
11
Suppose 6*f - 4*f = 34. List the prime factors of f.
17
What are the prime factors of 2 - (-2 - (-236)/(-4))?
3, 7
Suppose 4 - 1 = -3*b. Let k be b/(-2) - 21/(-2). Suppose 5*a = 5*y + 35, 5*a - k - 19 = 4*y. List the prime factors of a.
2
Let i be (3/3)/(4/348). Suppose 0 = -2*w + 5*w - 3*d - i, 172 = 5*w + 4*d. What are the prime factors of w?
2
Let y(z) = 5*z**2 - 3*z. Let j be y(2). Let s be 1*j + (-1)/(-1). Let o = s + -6. List the prime factors of o.
3
Suppose 14 + 21 = 5*p + y, -4*y = 2*p + 4. Let m(w) = w**2 - 9*w + 10. Let s be m(p). What are the prime factors of (5/s - 1)*2?
3
Let i be 78/30 - 4/(-10). Let f be i/(-6) - (-50)/4. What are the prime factors of ((-12)/(-5))/(f/40)?
2
Let q be 10*-2 + (-9)/(-3). Let w = q - -31. What are the prime factors of w?
2, 7
Let q be (-2)/6*(22 + -7). Let s be 1 - (q + 2)/1. Suppose 3*h - s*w - 13 = 59, 0 = -5*w. List the prime factors of h.
2, 3
Let t = -5 + 9. Suppose f + t = 2*f. Suppose 18 = f*l - 22. List the prime factors of l.
2, 5
Let l = -34 - -73. List the prime factors of l.
3, 13
List the prime factors of (2950/6)/(-5)*-3.
5, 59
Suppose -4*v + 96 + 80 = 0. List the prime factors of v.
2, 11
Let i(y) be the first derivative of -y**6/120 + y**5/30 + y**3/3 - y**2 - 2. Let j(k) be the second derivative of i(k). List the prime factors of j(2).
2
Let u(o) = o**2 + 5*o + 4. Let j be u(-6). Suppose -2*t - 3*t + j = 0. Let w = 3 + t. What are the prime factors of w?
5
Let b be (1 + -10)*3/3. Let d be (-2 - -1)/1*1. Let m = d - b. List the prime factors of m.
2
What are the prime factors of 198 + (-2)/8*-4?
199
Let b(q) = -2*q + 4 + q + 8*q. Let c be b(5). Suppose 5*p - 6 = c. List the prime factors of p.
3
Suppose -3*r - 61 - 18 = -4*n, -2*r - 76 = 2*n. Let q = 59 + r. List the prime factors of q.
2, 13
Suppose 4*v = 3 + 1. Let c(a) = -v - 2 + 4*a**3 + 3. What are the prime factors of c(1)?
2
Let c be (0 - 2*-1)*-1. Let y(j) be the third derivative of j**5/15 + j**4/8 + j**3/6 + j**2. What are the prime factors of y(c)?
11
Suppose 2*g - 2 = -0*g, -21 = -d + 2*g. List the prime factors of d.
23
Let h(g) = g**3 + 6*g**2 - 2*g - 4. Let t be h(-6). Suppose 3*u + 5*f + t = 19, -3*f = -4*u + 34. List the prime factors of u.
7
Suppose -3*w = -5*r + 59, 3*r + 2*w = -4 + 28. List the prime factors of 12/r*95/2.
3, 19
Suppose -4*f + 0 = -3*g - 4, g + 4*f - 4 = 0. Let x(y) be the third derivative of -y**5/60 + y**4/24 + y**3/2 - y**2. What are the prime factors of x(g)?
3
Let d(n) = 4*n**3 - n**2 + n. Let l be d(1). Let s = -1 + l. Let c(r) = r**2 - 2*r + 1. List the prime factors of c(s).
2
Suppose 4*a - 5*q = -144, 4*a - 2*q + 144 = -0*a. Let l = a - -26. List the prime factors of ((-3)/(-6))/((-1)/l).
5
Let g be (1 - 1) + (2 - 0). Let x(a) = 0 - 4 + 7 + a**g - 2*a. What are the prime factors of x(2)?
3
Suppose -2*y = -0*y - 2*c - 44, 40 = 2*y - c. What are the prime factors of y?
2, 3
Suppose 4*d - 69 = d. List the prime factors of d.
23
List the prime factors of ((-120)/45)/((-2)/12).
2
Suppose -o = -3*o - l + 24, -12 = -2*o + 2*l. Suppose -3*k + o = -14. What are the prime factors of k?
2
Let l(k) = -k**2 - 3*k + 253. List the prime factors of l(0).
11, 23
Suppose -d = d + 5*b + 18, 0 = 3*b + 12. Let p be (-2)/(d*1/2). What are the prime factors of 1 - p*(2 - 0)?
3
Let n(r) = -r**3 - 4*r**2 + 2. Let h be n(3). Let a = h + 102. List the prime factors of a.
41
Suppose -2*s - 14 = -82. What are the prime factors of s?
2, 17
Let k = 8 - 2. List the prime factors of ((k - 3) + -2)*19.
19
Suppose 2*l - 30 = -4. What are the prime factors of l?
13
Let g(c) = -1 - 2*c - c**3 - 3*c**2 - 2*c + 2*c. Let y be g(-3). Suppose -o = 4*o + 3*b - 13, -y = -3*o + b. What are the prime factors of o?
2
Let v(u) = 27*u**2 + 4*u - 8. List the prime factors of v(-3).
223
Suppose 5*h = -0*h + 10. Suppose 2*b - 2*o + 1 - 7 = 0, 3*b + h*o = 9. Suppose 20 = b*p - 4. List the prime factors of p.
2
List the prime factors of (20/(-2))/((-4)/10).
5
Let j(o) = o**3 - 9*o**2 + o + 3. Let s be j(9). List the prime factors of (40/s)/(1/3).
2, 5
Suppose -293 = -4*i + 543. What are the prime factors of i?
11, 19
Let d(k) = -k**3 + 10*k**2 + 10*k + 14. Let z be d(11). Let y be 14/(-3) - (-2)/z. Let u = y + 6. List the prime factors of u.
2
Let a = 148 - -32. List the prime factors of a.
2, 3, 5
Suppose -u + 5*m = -4, m = 2*u + 3*m + 40. Let n = u + 34. Let b = n - 1. List the prime factors of b.
17
Suppose -4*d = -36 - 64. List the prime factors of (-2)/(-10) - (-195)/d.
2
Let k = 4 - 1. Suppose 2*x + 3*b = 25, k*x + x - 10 = 2*b. What are the prime factors of x?
5
Let v = 3 + -1. Suppose v*t - 3*t - 4*q + 44 = 0, 83 = 2*t + 3*q. List the prime factors of t.
2, 5
Let i = -7 + 10. Suppose 0*y + i*y - 93 = 0. List the prime factors of y.
31
Suppose t - 2*k + 70 = 2*t, -199 = -3*t + 5*k. List the prime factors of t.
2, 17
Let u(h) = h**2 - 14*h - 6. What are the prime factors of u(17)?
3, 5
Suppose 0 = -2*y + 5*a, a = 3*y - 3*a. List the prime factors of y + 2 + 1*3.
5
Let k be 2/(3/(-2) + 2). Suppose 22 - 2 = k*u. List the prime factors of u.
5
Let m be 0/2 + (-3 - -6). What are the prime factors of 16 + (-1 - -7)/m?
2, 3
Let n be 5 - ((-1)/(-1) + 1). Suppose -z = -n*z + 14. List the prime factors of z.
7
What are the prime factors of ((-88)/2 + -3)*-1?
47
Let d(l) = l + 10. Suppose 4*h - 6 = -3*u, 2*h - 3*u = u - 8. Let y be d(h). List the prime factors of ((-36)/20)/((-2)/y).
3
Let h(j) = -j**2 - 6*j + 3. Let m(z) = 3*z + 3. Let a be m(-3). What are the prime factors of h(a)?
3
Let j = 15 + -8. What are the prime factors of j?
7
Suppose 2 = -a + 7. List the prime factors of (a + 1)/(-3) - -35.
3, 11
Let t(a) = 2*a + 2. Let d(p) = -12*p - 11. Let k(o) = 6*d(o) + 34*t(o). What are the prime factors of k(-5)?
2, 11
Let z(w) = 11*w. What are the prime factors of z(5)?
5, 11
Suppose -8 = -w - 30. Let n = 33 + w. What are the prime factors of n?
11
Let n(b) = -2*b**2 + 8*b + 6. Let p be n(6). Let j = 32 + p. List the prime factors of j.
2, 7
Suppose 46 = 5*p - 3*p + 2*g, p - 27 = -3*g. Let i be -11*(-1 + 2)/(-1). Let n = p - i. List the prime factors of n.
2, 5
Suppose -9*o + 2284 = 925. What are the prime factors of o?
151
Let w(q) = q**3 - 4*q**2 - 5*q - 1. Let l be w(5). What are the prime factors of (-1 + -29)*l/2?
3, 5
Suppose 5*b + 0*f - 76 = f, 4*f + 4 = 0. Suppose 4*c - b = -7. Suppose -27 = -c*k - 11. List the prime factors of k.
2
Let s(v) = -3*v + 23. List the prime factors of s(5).
2
Let f = 242 + -126. List the prime factors of f.
2, 29
What are the prime factors of 2250/81 + (-2)/(-9)?
2, 7
Let v(w) = 2*w**3 + 5*w**2 + 4*w - 2. Let u be v(-4). Let o = 94 + u. What are the prime factors of o?
2, 7
Suppose 11*f - 735 = 4*f. List the prime factors of f.
3, 5, 7
Le